{"id":767,"date":"2020-05-16T01:30:49","date_gmt":"2020-05-16T04:30:49","guid":{"rendered":"http:\/\/aymaramendoza.com.ar\/?post_type=product&#038;p=767"},"modified":"2024-08-28T11:34:48","modified_gmt":"2024-08-28T14:34:48","slug":"traslados-en-mendoza","status":"publish","type":"product","link":"https:\/\/aymaramendoza.com.ar\/pt\/servicios\/traslados-en-mendoza\/","title":{"rendered":"Traslados em Mendoza"},"content":{"rendered":"<p><em><strong>Tarifas regular<\/strong><\/em><\/p>\n<ul>\n<li>Aeroporto \u2013 Htl Central ou*v<\/li>\n<li>Terminal \u2013 Htl Central ou*v<\/li>\n<li>Ticket Bus Mendoza \u2013 San Rafael ou*v<\/li>\n<\/ul>\n<p><em><strong>Tarifas Privado<\/strong><\/em><\/p>\n<ul>\n<li>Aeroporto \u2013 Htl Central ou*v<\/li>\n<li>Aeroporto \u2013 Adega*Pousada Zona Centro<\/li>\n<li>Aeroporto*Cidade \u2013 Adega*Pos Zona de Vale de Uco<\/li>\n<li>Terminal \u2013 Htl Central ou*v<\/li>\n<li>Cacheuta \u2013 Cidade ou*v<\/li>\n<li>Potrerillos \u2013 Cidade ou*v<\/li>\n<li>Uspallata * Vales \u2013 Cidade ou*v<\/li>\n<li>Penitentes * Ponte do Inca \u2013 Cidade ou*v<\/li>\n<li>S\u00e3o Rafael \u2013 Cidade ou*v<\/li>\n<li>Las Le\u00f1as \u2013 Cidade ou*v<\/li>\n<\/ul>\n<p><em><strong>As Tarifas de transporte com espera<\/strong><\/em><\/p>\n<ul>\n<li>Hotel \u2013 Restaurante Localiza\u00e7\u00e3o (Cidade - Gllen - G Cruz)<\/li>\n<li>Hotel \u2013 Exterior \u2013 Hotel (5 horas)<\/li>\n<li>Hotel \u2013 Potrerillos \u2013 Hotel (5 horas)<\/li>\n<li>Hotel \u2013 Uspallata ou Vales (por dia)<\/li>\n<li>Hotel \u2013 Penitentes\/Ponte do Inca\/Aconcagua (por dia)<\/li>\n<li>Hotel \u2013 Vale de Uco at\u00e9 3 adegas de vinho com almo\u00e7o (***)<\/li>\n<li>Hotel \u2013 Zona s\u00e3o paulo ou S\u00e3o \u2013 at\u00e9 3 adegas de vinho com almo\u00e7o (***)<\/li>\n<li>Hotel \u2013 \u00c1rea Maipu ou Luj\u00e1n \u2013 1 adega com almo\u00e7o ou jantar (***)<\/li>\n<\/ul>\n<p><strong>NOTA:<\/strong> As Taxas de Transfer\u00eancias Regulares s\u00e3o, por ve\u00edculo e por segmento, m\u00e1ximo 02 pessoas.<\/p>\n<p>As Taxas de Transfers em Privado, s\u00e3o, por ve\u00edculo e por trecho, de acordo com o banco de passageiros.<\/p>\n<p>N\u00e3o incluem guia nem espera. A base 1\/3 PAX \u00e9 de carro, N\u00c3O oferece suporte a adi\u00e7\u00e3o de guia e a capacidade de bagagem \u00e9 01 mala m\u00e9dia por pessoa.<\/p>\n<p>Pol\u00edtica de Crian\u00e7as para Transfer\u00eancias regulares e privados:<br \/>\n\u2013 Crian\u00e7as de at\u00e9 02 anos, sem custo.<br \/>\n\u2013 A partir de 3 anos, pagam 100%. (**) As transfer\u00eancias s\u00e3o de ida e volta, ou Round Trip, em Privado, Sem Guia (***) As transfer\u00eancias para a Adegas n\u00e3o Inclui Reserva nas mesmas nem Almo\u00e7o nem degusta\u00e7\u00f5es.-<\/p>","protected":false},"excerpt":{"rendered":"<p>Tarifas en regular Aeropuerto &#8211; Htl C\u00e9ntrico o*v Terminal &#8211; Htl C\u00e9ntrico o*v Ticket Bus Mendoza &#8211; San Rafael o*v Tarifas en Privado Aeropuerto &#8211; Htl C\u00e9ntrico o*v Aeropuerto &#8211; Bodega*Posada Zona Centro Aerop*Ciudad &#8211; Bodega*Pos Zona Valle de Uco Terminal &#8211; Htl C\u00e9ntrico o*v Cacheuta &#8211; Ciudad o*v Potrerillos &#8211; Ciudad o*v Uspallata * [&hellip;]<\/p>","protected":false},"featured_media":5519,"comment_status":"open","ping_status":"closed","template":"","meta":[],"product_brand":[],"product_cat":[246,198],"product_tag":[],"dias":[],"class_list":{"0":"post-767","1":"product","2":"type-product","3":"status-publish","4":"has-post-thumbnail","6":"product_cat-mendoza","7":"product_cat-traslados","9":"first","10":"instock","11":"shipping-taxable","12":"product-type-simple"},"booking_location":null,"booking_location_type":null,"booking_duration":null,"booking_duration_unit":null,"booking_buffer":null,"booking_cost":null,"booking_resources":null,"jetpack_sharing_enabled":true,"_links":{"self":[{"href":"https:\/\/aymaramendoza.com.ar\/pt\/wp-json\/wp\/v2\/product\/767","targetHints":{"allow":["GET"]}}],"collection":[{"href":"https:\/\/aymaramendoza.com.ar\/pt\/wp-json\/wp\/v2\/product"}],"about":[{"href":"https:\/\/aymaramendoza.com.ar\/pt\/wp-json\/wp\/v2\/types\/product"}],"replies":[{"embeddable":true,"href":"https:\/\/aymaramendoza.com.ar\/pt\/wp-json\/wp\/v2\/comments?post=767"}],"version-history":[{"count":10,"href":"https:\/\/aymaramendoza.com.ar\/pt\/wp-json\/wp\/v2\/product\/767\/revisions"}],"predecessor-version":[{"id":5707,"href":"https:\/\/aymaramendoza.com.ar\/pt\/wp-json\/wp\/v2\/product\/767\/revisions\/5707"}],"wp:featuredmedia":[{"embeddable":true,"href":"https:\/\/aymaramendoza.com.ar\/pt\/wp-json\/wp\/v2\/media\/5519"}],"wp:attachment":[{"href":"https:\/\/aymaramendoza.com.ar\/pt\/wp-json\/wp\/v2\/media?parent=767"}],"wp:term":[{"taxonomy":"product_brand","embeddable":true,"href":"https:\/\/aymaramendoza.com.ar\/pt\/wp-json\/wp\/v2\/product_brand?post=767"},{"taxonomy":"product_cat","embeddable":true,"href":"https:\/\/aymaramendoza.com.ar\/pt\/wp-json\/wp\/v2\/product_cat?post=767"},{"taxonomy":"product_tag","embeddable":true,"href":"https:\/\/aymaramendoza.com.ar\/pt\/wp-json\/wp\/v2\/product_tag?post=767"},{"taxonomy":"dias","embeddable":true,"href":"https:\/\/aymaramendoza.com.ar\/pt\/wp-json\/wp\/v2\/dias?post=767"}],"curies":[{"name":"wp","href":"https:\/\/api.w.org\/{rel}","templated":true}]}}

<p><em><strong>Tarifas regular</strong></em></p>
<ul>
<li>Aeroporto – Htl Central ou*v</li>
<li>Terminal – Htl Central ou*v</li>
<li>Ticket Bus Mendoza – San Rafael ou*v</li>
</ul>
<p><em><strong>Tarifas Privado</strong></em></p>
<ul>
<li>Aeroporto – Htl Central ou*v</li>
<li>Aeroporto – Adega*Pousada Zona Centro</li>
<li>Aeroporto*Cidade – Adega*Pos Zona de Vale de Uco</li>
<li>Terminal – Htl Central ou*v</li>
<li>Cacheuta – Cidade ou*v</li>
<li>Potrerillos – Cidade ou*v</li>
<li>Uspallata * Vales – Cidade ou*v</li>
<li>Penitentes * Ponte do Inca – Cidade ou*v</li>
<li>São Rafael – Cidade ou*v</li>
<li>Las Leñas – Cidade ou*v</li>
</ul>
<p><em><strong>As Tarifas de transporte com espera</strong></em></p>
<ul>
<li>Hotel – Restaurante Localização (Cidade - Gllen - G Cruz)</li>
<li>Hotel – Exterior – Hotel (5 horas)</li>
<li>Hotel – Potrerillos – Hotel (5 horas)</li>
<li>Hotel – Uspallata ou Vales (por dia)</li>
<li>Hotel – Penitentes/Ponte do Inca/Aconcagua (por dia)</li>
<li>Hotel – Vale de Uco até 3 adegas de vinho com almoço (***)</li>
<li>Hotel – Zona são paulo ou São – até 3 adegas de vinho com almoço (***)</li>
<li>Hotel – Área Maipu ou Luján – 1 adega com almoço ou jantar (***)</li>
</ul>
<p><strong>NOTA:</strong> As Taxas de Transferências Regulares são, por veículo e por segmento, máximo 02 pessoas.</p>
<p>As Taxas de Transfers em Privado, são, por veículo e por trecho, de acordo com o banco de passageiros.</p>
<p>Não incluem guia nem espera. A base 1/3 PAX é de carro, NÃO oferece suporte a adição de guia e a capacidade de bagagem é 01 mala média por pessoa.</p>
<p>Política de Crianças para Transferências regulares e privados:<br />
– Crianças de até 02 anos, sem custo.<br />
– A partir de 3 anos, pagam 100%. (**) As transferências são de ida e volta, ou Round Trip, em Privado, Sem Guia (***) As transferências para a Adegas não Inclui Reserva nas mesmas nem Almoço nem degustações.-</p>

<p>Tarifas en regular Aeropuerto &#8211; Htl Céntrico o*v Terminal &#8211; Htl Céntrico o*v Ticket Bus Mendoza &#8211; San Rafael o*v Tarifas en Privado Aeropuerto &#8211; Htl Céntrico o*v Aeropuerto &#8211; Bodega*Posada Zona Centro Aerop*Ciudad &#8211; Bodega*Pos Zona Valle de Uco Terminal &#8211; Htl Céntrico o*v Cacheuta &#8211; Ciudad o*v Potrerillos &#8211; Ciudad o*v Uspallata * [&hellip;]</p>
