{"id":5834,"date":"2024-08-02T10:39:36","date_gmt":"2024-08-02T13:39:36","guid":{"rendered":"https:\/\/aymaramendoza.com.ar\/?post_type=product&#038;p=5834"},"modified":"2025-06-09T14:15:03","modified_gmt":"2025-06-09T17:15:03","slug":"tardecitas-en-andeluna","status":"publish","type":"product","link":"https:\/\/aymaramendoza.com.ar\/pt\/servicios\/tardecitas-en-andeluna\/","title":{"rendered":"Tardecitas em Andeluna"},"content":{"rendered":"<p><span data-contrast=\"auto\">Rumo \u00e0 regi\u00e3o do Vale de Uco, onde se encontram as vin\u00edcolas mais prestigiadas produtoras de vinho de alta gama e onde a paisagem oferece um valor \u00fanico para a viagem. <\/span><span data-ccp-props=\"{&quot;201341983&quot;:0,&quot;335559740&quot;:276}\">\u00a0<\/span><\/p>\n<p><span data-contrast=\"auto\">Chegaremos a vin\u00edcola Andeluna, que nos convida a desfrutar os produtos de sua cozinha, durante o p\u00f4r-do-sol junto \u00e0 imponente vista para o Cord\u00e3o de Prata, que oferecem os jardins de Andeluna.\u00a0<\/span><span data-ccp-props=\"{&quot;201341983&quot;:0,&quot;335559740&quot;:276}\">\u00a0<\/span><\/p>\n<p><span data-contrast=\"auto\">A visita inclui um menu desestructurado acompanhado de uma garrafa de vinho \u00e0 escolha.\u00a0<\/span><span data-ccp-props=\"{&quot;201341983&quot;:0,&quot;335559740&quot;:276}\">\u00a0<\/span><\/p>\n<p>&nbsp;<\/p>\n<p><strong>Sa\u00eddas<\/strong><span data-contrast=\"auto\">: sexta-feira, s\u00e1bado e domingo<\/span><span data-ccp-props=\"{&quot;201341983&quot;:0,&quot;335559740&quot;:276}\">\u00a0<\/span><\/p>\n<p><strong>Hora<\/strong><span data-contrast=\"auto\"><strong>:<\/strong> consultar hor\u00e1rio de in\u00edcio da actividade.\u00a0<\/span><span data-ccp-props=\"{&quot;201341983&quot;:0,&quot;335559740&quot;:276}\">\u00a0<\/span><\/p>\n<p><strong>Dura\u00e7\u00e3o<\/strong><span data-contrast=\"auto\"><strong>:<\/strong> Tarde-noite \u2013 sa\u00eddas durante todo o ano<\/span><span data-ccp-props=\"{&quot;201341983&quot;:0,&quot;335559740&quot;:276}\">\u00a0<\/span><\/p>\n<p>&nbsp;<\/p>\n<p><em><span class=\"TextRun SCXW73393546 BCX8\" lang=\"ES-419\" xml:lang=\"ES-419\" data-contrast=\"auto\"><span class=\"NormalTextRun SCXW73393546 BCX8\">Nota: os passageiros hospedados fora do raio central, consulte tarifas e modalidade<\/span><\/span><span class=\"EOP SCXW73393546 BCX8\" data-ccp-props=\"{&quot;201341983&quot;:0,&quot;335559740&quot;:276}\">\u00a0<\/span><\/em><\/p>","protected":false},"excerpt":{"rendered":"<p><span data-contrast=\"auto\">Andeluna nos convida a desfrutar os produtos de sua cozinha, durante o p\u00f4r-do-sol junto \u00e0 imponente vista do Cord\u00e3o de Prata.\u00a0<\/span><\/p>","protected":false},"featured_media":5840,"comment_status":"open","ping_status":"closed","template":"","meta":[],"product_brand":[],"product_cat":[20,46],"product_tag":[],"dias":[],"class_list":{"0":"post-5834","1":"product","2":"type-product","3":"status-publish","4":"has-post-thumbnail","6":"product_cat-bodegas","7":"product_cat-valle-de-uco","9":"first","10":"instock","11":"shipping-taxable","12":"product-type-simple"},"booking_location":null,"booking_location_type":null,"booking_duration":null,"booking_duration_unit":null,"booking_buffer":null,"booking_cost":null,"booking_resources":null,"jetpack_sharing_enabled":true,"_links":{"self":[{"href":"https:\/\/aymaramendoza.com.ar\/pt\/wp-json\/wp\/v2\/product\/5834","targetHints":{"allow":["GET"]}}],"collection":[{"href":"https:\/\/aymaramendoza.com.ar\/pt\/wp-json\/wp\/v2\/product"}],"about":[{"href":"https:\/\/aymaramendoza.com.ar\/pt\/wp-json\/wp\/v2\/types\/product"}],"replies":[{"embeddable":true,"href":"https:\/\/aymaramendoza.com.ar\/pt\/wp-json\/wp\/v2\/comments?post=5834"}],"version-history":[{"count":2,"href":"https:\/\/aymaramendoza.com.ar\/pt\/wp-json\/wp\/v2\/product\/5834\/revisions"}],"predecessor-version":[{"id":5860,"href":"https:\/\/aymaramendoza.com.ar\/pt\/wp-json\/wp\/v2\/product\/5834\/revisions\/5860"}],"wp:featuredmedia":[{"embeddable":true,"href":"https:\/\/aymaramendoza.com.ar\/pt\/wp-json\/wp\/v2\/media\/5840"}],"wp:attachment":[{"href":"https:\/\/aymaramendoza.com.ar\/pt\/wp-json\/wp\/v2\/media?parent=5834"}],"wp:term":[{"taxonomy":"product_brand","embeddable":true,"href":"https:\/\/aymaramendoza.com.ar\/pt\/wp-json\/wp\/v2\/product_brand?post=5834"},{"taxonomy":"product_cat","embeddable":true,"href":"https:\/\/aymaramendoza.com.ar\/pt\/wp-json\/wp\/v2\/product_cat?post=5834"},{"taxonomy":"product_tag","embeddable":true,"href":"https:\/\/aymaramendoza.com.ar\/pt\/wp-json\/wp\/v2\/product_tag?post=5834"},{"taxonomy":"dias","embeddable":true,"href":"https:\/\/aymaramendoza.com.ar\/pt\/wp-json\/wp\/v2\/dias?post=5834"}],"curies":[{"name":"wp","href":"https:\/\/api.w.org\/{rel}","templated":true}]}}

<p><span data-contrast="auto">Rumo à região do Vale de Uco, onde se encontram as vinícolas mais prestigiadas produtoras de vinho de alta gama e onde a paisagem oferece um valor único para a viagem. </span><span data-ccp-props="{&quot;201341983&quot;:0,&quot;335559740&quot;:276}"> </span></p>
<p><span data-contrast="auto">Chegaremos a vinícola Andeluna, que nos convida a desfrutar os produtos de sua cozinha, durante o pôr-do-sol junto à imponente vista para o Cordão de Prata, que oferecem os jardins de Andeluna. </span><span data-ccp-props="{&quot;201341983&quot;:0,&quot;335559740&quot;:276}"> </span></p>
<p><span data-contrast="auto">A visita inclui um menu desestructurado acompanhado de uma garrafa de vinho à escolha. </span><span data-ccp-props="{&quot;201341983&quot;:0,&quot;335559740&quot;:276}"> </span></p>
<p>&nbsp;</p>
<p><strong>Saídas</strong><span data-contrast="auto">: sexta-feira, sábado e domingo</span><span data-ccp-props="{&quot;201341983&quot;:0,&quot;335559740&quot;:276}"> </span></p>
<p><strong>Hora</strong><span data-contrast="auto"><strong>:</strong> consultar horário de início da actividade. </span><span data-ccp-props="{&quot;201341983&quot;:0,&quot;335559740&quot;:276}"> </span></p>
<p><strong>Duração</strong><span data-contrast="auto"><strong>:</strong> Tarde-noite – saídas durante todo o ano</span><span data-ccp-props="{&quot;201341983&quot;:0,&quot;335559740&quot;:276}"> </span></p>
<p>&nbsp;</p>
<p><em><span class="TextRun SCXW73393546 BCX8" lang="ES-419" xml:lang="ES-419" data-contrast="auto"><span class="NormalTextRun SCXW73393546 BCX8">Nota: os passageiros hospedados fora do raio central, consulte tarifas e modalidade</span></span><span class="EOP SCXW73393546 BCX8" data-ccp-props="{&quot;201341983&quot;:0,&quot;335559740&quot;:276}"> </span></em></p>

<p><span data-contrast="auto">Andeluna nos convida a desfrutar os produtos de sua cozinha, durante o pôr-do-sol junto à imponente vista do Cordão de Prata. </span></p>
