{"id":3210,"date":"2021-09-23T12:02:20","date_gmt":"2021-09-23T15:02:20","guid":{"rendered":"https:\/\/aymaramendoza.com.ar\/?post_type=product&#038;p=3210"},"modified":"2025-05-09T11:05:29","modified_gmt":"2025-05-09T14:05:29","slug":"paquete-mendoza-a-la-carta","status":"publish","type":"product","link":"https:\/\/aymaramendoza.com.ar\/pt\/servicios\/paquete-mendoza-a-la-carta\/","title":{"rendered":"Pacote Mendoza \u00e0 Carta \u2013 sem Alojamento"},"content":{"rendered":"<p><strong><em>Pacote Mendoza \u00e0 Carta \u2013 sem Alojamento<\/em><\/strong><\/p>\n<p>Atividade 4 dias\/3 noites<\/p>\n<p>Descobri a ess\u00eancia de Mendoza em um pacote que te convida a conhecer os principais pontos de Mendoza e degustar os melhores vinhos da regi\u00e3o.<\/p>\n<p><strong>Inclui:<\/strong><\/p>\n<ul>\n<li>Transfer in \/ out aeroporto ou terminal de \u00f4nibus, e traslado ao Hotel.<\/li>\n<li>Excurs\u00e3o cidade e perto de meio dia em regular. Onde visitaremos a Cidade de Mendoza, uma das mais belas do pa\u00eds. Come\u00e7ando pela cidade antiga, local onde foi fundada, passando pela Alameda, cidade com Pra\u00e7a de Independ\u00eancia e seus quatro pra\u00e7as sat\u00e9lites, Bairro C\u00edvico, e, em seguida, o majestoso Parque General San Martin com o Cerro de la Gloria, Est\u00e1dio Mundialista e Teatro Grego Frank Romero Day, cen\u00e1rio do ato central de reconhecida a Festa Nacional da Vindima.<\/li>\n<li>Visita a Vin\u00edcolas com almo\u00e7o inclu\u00eddo. <span style=\"font-weight: 400;\">Sa\u00edda para o o\u00e1sis vitivin\u00edcola central para visitar 2 vin\u00edcolas e degustar seus vinhos. Passeio por suas instala\u00e7\u00f5es, para conhecer a hist\u00f3ria de cada uma delas, finalizando com a degusta\u00e7\u00e3o de seus produtos. Ao meio-dia desfrutaremos de um almo\u00e7o t\u00edpico acompanhado com as melhores variedades de uvas da casa.\u00a0<\/span><\/li>\n<\/ul>\n<p><strong>N\u00e3o inclui hospedagem <\/strong>(requer o m\u00ednimo de 03 noites, ver os melhores pre\u00e7os em Tarifas de HOT\u00c9IS, de acordo com a temporada).<\/p>","protected":false},"excerpt":{"rendered":"<p>Descobri a ess\u00eancia de Mendoza em um pacote que te convida a conhecer os principais pontos de Mendoza e degustar os melhores vinhos da regi\u00e3o.<\/p>","protected":false},"featured_media":5348,"comment_status":"open","ping_status":"closed","template":"","meta":[],"product_brand":[],"product_cat":[246,194],"product_tag":[],"dias":[],"class_list":{"0":"post-3210","1":"product","2":"type-product","3":"status-publish","4":"has-post-thumbnail","6":"product_cat-mendoza","7":"product_cat-paquetes","9":"first","10":"instock","11":"shipping-taxable","12":"product-type-simple"},"booking_location":null,"booking_location_type":null,"booking_duration":null,"booking_duration_unit":null,"booking_buffer":null,"booking_cost":null,"booking_resources":null,"jetpack_sharing_enabled":true,"_links":{"self":[{"href":"https:\/\/aymaramendoza.com.ar\/pt\/wp-json\/wp\/v2\/product\/3210","targetHints":{"allow":["GET"]}}],"collection":[{"href":"https:\/\/aymaramendoza.com.ar\/pt\/wp-json\/wp\/v2\/product"}],"about":[{"href":"https:\/\/aymaramendoza.com.ar\/pt\/wp-json\/wp\/v2\/types\/product"}],"replies":[{"embeddable":true,"href":"https:\/\/aymaramendoza.com.ar\/pt\/wp-json\/wp\/v2\/comments?post=3210"}],"version-history":[{"count":7,"href":"https:\/\/aymaramendoza.com.ar\/pt\/wp-json\/wp\/v2\/product\/3210\/revisions"}],"predecessor-version":[{"id":6300,"href":"https:\/\/aymaramendoza.com.ar\/pt\/wp-json\/wp\/v2\/product\/3210\/revisions\/6300"}],"wp:featuredmedia":[{"embeddable":true,"href":"https:\/\/aymaramendoza.com.ar\/pt\/wp-json\/wp\/v2\/media\/5348"}],"wp:attachment":[{"href":"https:\/\/aymaramendoza.com.ar\/pt\/wp-json\/wp\/v2\/media?parent=3210"}],"wp:term":[{"taxonomy":"product_brand","embeddable":true,"href":"https:\/\/aymaramendoza.com.ar\/pt\/wp-json\/wp\/v2\/product_brand?post=3210"},{"taxonomy":"product_cat","embeddable":true,"href":"https:\/\/aymaramendoza.com.ar\/pt\/wp-json\/wp\/v2\/product_cat?post=3210"},{"taxonomy":"product_tag","embeddable":true,"href":"https:\/\/aymaramendoza.com.ar\/pt\/wp-json\/wp\/v2\/product_tag?post=3210"},{"taxonomy":"dias","embeddable":true,"href":"https:\/\/aymaramendoza.com.ar\/pt\/wp-json\/wp\/v2\/dias?post=3210"}],"curies":[{"name":"wp","href":"https:\/\/api.w.org\/{rel}","templated":true}]}}

Pacote Mendoza à Carta – sem Alojamento

<p><strong><em>Pacote Mendoza à Carta – sem Alojamento</em></strong></p>
<p>Atividade 4 dias/3 noites</p>
<p>Descobri a essência de Mendoza em um pacote que te convida a conhecer os principais pontos de Mendoza e degustar os melhores vinhos da região.</p>
<p><strong>Inclui:</strong></p>
<ul>
<li>Transfer in / out aeroporto ou terminal de ônibus, e traslado ao Hotel.</li>
<li>Excursão cidade e perto de meio dia em regular. Onde visitaremos a Cidade de Mendoza, uma das mais belas do país. Começando pela cidade antiga, local onde foi fundada, passando pela Alameda, cidade com Praça de Independência e seus quatro praças satélites, Bairro Cívico, e, em seguida, o majestoso Parque General San Martin com o Cerro de la Gloria, Estádio Mundialista e Teatro Grego Frank Romero Day, cenário do ato central de reconhecida a Festa Nacional da Vindima.</li>
<li>Visita a Vinícolas com almoço incluído. <span style="font-weight: 400;">Saída para o oásis vitivinícola central para visitar 2 vinícolas e degustar seus vinhos. Passeio por suas instalações, para conhecer a história de cada uma delas, finalizando com a degustação de seus produtos. Ao meio-dia desfrutaremos de um almoço típico acompanhado com as melhores variedades de uvas da casa. </span></li>
</ul>
<p><strong>Não inclui hospedagem </strong>(requer o mínimo de 03 noites, ver os melhores preços em Tarifas de HOTÉIS, de acordo com a temporada).</p>

<p>Descobri a essência de Mendoza em um pacote que te convida a conhecer os principais pontos de Mendoza e degustar os melhores vinhos da região.</p>
